2)/(-2)?
11
Let k(t) = 6*t**2 + 2*t. What is the remainder when 111 is divided by k(2)?
27
Suppose -3*q - 213 = -3*l, -5*l + 8*l = -4*q + 220. Calculate the remainder when l is divided by 15.
12
Let m be (12/8)/(9/102). Suppose 4*p - m = 3. What is the remainder when p is divided by 2?
1
Let f(x) = 4*x**2 - 12*x + 7. What is the remainder when f(-6) is divided by 32?
31
Let h be 5*(-2)/15*-93. Suppose 3*p - h = p. Calculate the remainder when p is divided by 11.
9
Let i(s) = s**3 + 4*s**2 - 2*s - 10. What is the remainder when 37 is divided by i(-3)?
2
Let r(i) = -i**2 + 11*i - 21. Suppose -3*t + 24 = -57. Calculate the remainder when t is divided by r(7).
6
Let p = -7 + 15. Let o(i) = i**2 - 2*i - 1. Calculate the remainder when o(6) is divided by p.
7
Suppose 4 + 24 = 4*b. Suppose -1 = y - b. Suppose -4*p + 102 = -2*m, 0*p = p - m - 28. What is the remainder when p is divided by y?
5
Let l(n) = 2*n + 7. Let f = -4 + 10. What is the remainder when l(f) is divided by 94/14 + (-2)/(-7)?
5
Let h = -52 + 86. Calculate the remainder when h is divided by 26.
8
Let g = 4 - 1. Let t be 12 - (-2)/(2/3). Let j = -8 + t. What is the remainder when j is divided by g?
1
Let w = 128 + -203. Let c = w + 44. Let a = c - -45. What is the remainder when a is divided by 8?
6
Let r(d) = d**3 - 6*d**2 + 5. Let c be r(6). Let t = c + -2. Let h(p) = p. What is the remainder when 8 is divided by h(t)?
2
Let s(j) = 13*j - 1. Let w(x) = x**2 + x. Let g be w(1). What is the remainder when 74 is divided by s(g)?
24
Suppose 114 = -3*t + 5*t. Suppose 0*g = -3*g + t. Calculate the remainder when g is divided by 10.
9
Let v = 121 + -60. Calculate the remainder when v is divided by 13.
9
Suppose 5*o - 3*p = 145 - 48, -4*o = 2*p - 60. What is the remainder when 100 is divided by o?
15
Suppose i - 24 = 3*u, -u = 5*i + 4*u - 180. What is the remainder when i is divided by 17?
16
Suppose -4*a = -2*a - 42. Suppose 0 = -2*r + a + 41. Let v(x) = x**2 - 2*x - 8. Calculate the remainder when r is divided by v(6).
15
Let z = -15 + 21. Calculate the remainder when 21 is divided by z.
3
Let r = -20 - -41. Suppose -16 = -4*b + 16. What is the remainder when r is divided by b?
5
Suppose -19*f = -22*f + 12. Calculate the remainder when 12 is divided by f.
0
What is the remainder when (0 - 3)*110/(-15) is divided by 8?
6
Suppose -4*r - 2*r + 246 = 0. Calculate the remainder when 121 is divided by r.
39
Suppose 3*y + 2*y = -4*t + 258, 3*t + 4*y = 193. Suppose 0 = 4*l + 33 - 125. Calculate the remainder when t is divided by l.
21
Suppose 12*p - 175 = 5*p. Calculate the remainder when 97 is divided by p.
22
Suppose -9*l = -4*l - 125. Suppose p - 4*a = 40, -4*p = -3*a - l - 83. Suppose 0 = n - 3*n + p. What is the remainder when n is divided by 7?
5
Suppose -3*y + j + 106 = 0, 5*y = -0*y + 4*j + 172. Calculate the remainder when 103 is divided by y.
31
Let m = 39 - 4. Suppose -m - 43 = -2*s. Calculate the remainder when 38 is divided by (-1 + 0)/((-3)/s).
12
Let y(c) = 6*c**3 + 7*c - 5*c**3 + 3*c - 7 - 9*c**2 - c**2. What is the remainder when 5 is divided by y(9)?
1
Suppose -7 - 3 = o. Let c = 31 + o. Calculate the remainder when 83 is divided by c.
20
Suppose 36 = 4*f - 2*f. What is the remainder when f is divided by 4?
2
Let q = 33 + -16. Calculate the remainder when q is divided by 9.
8
Suppose -2*x + 46 + 130 = 0. What is the remainder when x is divided by 31?
26
Suppose -3*c + 8*c = 30. Let u(a) be the second derivative of 7*a**3/6 + a**2 + a. What is the remainder when u(c) is divided by 23?
21
Let i be (-32)/14 - (-2)/7. Let k be -1 - (-44)/(i - -4). Let p = k - -35. Calculate the remainder when p is divided by 19.
18
Let q(a) be the third derivative of 13*a**4/24 - 2*a**3/3 + 3*a**2. What is the remainder when q(5) is divided by 16?
13
Let z(u) = 5*u + 3. What is the remainder when z(6) is divided by -6 + 5 + 40/4?
6
Let t = 22 - -16. Calculate the remainder when t is divided by 10.
8
Suppose -4*v - 18 = -2*f + 8, -3*f = 4*v - 29. Let u(t) = -9*t + 5. What is the remainder when u(-4) is divided by f?
8
Let d be (-10 - -1)*(-8)/12. Let g(s) = s. Calculate the remainder when g(d) is divided by 4.
2
Calculate the remainder when 64 is divided by -1*(-10 + (6 + -3)*-1).
12
Let x(t) = 17*t + 1. Suppose 2*k - 35 = 5*d, -8*k + d = -13*k + 47. Calculate the remainder when x(1) is divided by k.
8
Let m(k) = -k**3 + 5*k**2 - 4*k + 1. What is the remainder when 40 is divided by m(3)?
5
Let c be (0 - (-1 + -19)) + -2. Suppose 17 = 5*y - c. What is the remainder when 26 is divided by y?
5
Let f = -5 - -10. Suppose 4*s - f = -s. Suppose 10 - 5 = 5*w. Calculate the remainder when w is divided by s.
0
Suppose -3*c - 4*z = -274, 5*z = -3*c + 8*z + 309. What is the remainder when c is divided by 25?
23
Let v = 2 - 0. Let p(s) = 0 + 13 + v*s - s. What is the remainder when p(-6) is divided by 4?
3
Let w(o) be the third derivative of o**6/120 - 7*o**5/60 - o**3/6 - 3*o**2. Let k be w(7). Let c = k - -4. Calculate the remainder when 9 is divided by c.
0
Suppose -14*k + 17*k = 33. Calculate the remainder when 19 is divided by k.
8
Let h = -50 + 76. Calculate the remainder when 76 is divided by h.
24
Suppose 2*h + 4*r + 10 = 0, -3*h - 13 + 3 = r. Let u = 4 + h. Calculate the remainder when 2/(-2)*u - -9 is divided by 3.
2
Let u(v) = v - 8. Calculate the remainder when u(17) is divided by 6.
3
Let i(h) = -4*h + 2. Let v be i(5). Calculate the remainder when (-4)/v + (-1655)/(-45) is divided by 19.
18
Suppose 8*s - 108 = 5*s. Suppose 5*z + 3*b - 62 = -0*z, -b = -4*z + s. What is the remainder when z is divided by 7?
3
Let p = 45 + -3. Calculate the remainder when p is divided by 16.
10
Let k = 14 + -5. Calculate the remainder when 16 is divided by k.
7
Suppose -5*t = -0*t - 10. Let s(w) = 4*w - 3. What is the remainder when s(t) is divided by 4?
1
Let f(m) = m**2 - m + 235. Let w be f(0). Suppose -4*k + w = k. Suppose 4*d + 5*u = 61, -4*u + 0*u + k = 3*d. Calculate the remainder when 33 is divided by d.
6
Let w(b) = b**3 + 4*b**2 - 5*b + 4. Let z be w(-5). Suppose -4*a = -z*x + 80, -2*a = -4*x - 1 + 91. What is the remainder when x is divided by 9?
7
Suppose 22 + 4 = y + 2*g, -5*y + 175 = g. Suppose 4*j = x + 1, 0*j - 66 = -4*x + 2*j. Calculate the remainder when y is divided by x.
17
Let z be (-357)/9 - (-2)/(-6). Let u = z - -58. Calculate the remainder when 69 is divided by u.
15
Suppose 6*d - 86 + 20 = 0. Suppose 5*f = w + 4*w - 180, 4*w - 2*f - 134 = 0. Calculate the remainder when w is divided by d.
9
Let u = -32 + 83. What is the remainder when u is divided by 20?
11
Let m = 25 + -12. Let d(z) = 62*z**3 + z**2 - 1. Calculate the remainder when d(1) is divided by m.
10
Let w be 4 + -1 + 4/4. Let i(v) = v**2 + 2*v - 5. Calculate the remainder when i(w) is divided by 7.
5
Suppose -3*d + 84 = -2*l, d + 5*l + 105 = 5*d. Let p = 22 + -6. What is the remainder when d is divided by p?
14
Let c = 8 + -1. Suppose -33 = 4*h - 3*v, h + 4*v + 24 = -8. Calculate the remainder when -9*(-1)/((-9)/h) is divided by c.
5
Calculate the remainder when 72 is divided by (19 - 0) + (8 - 8).
15
Let n = -44 + 68. Let a(f) = -f**2 - 7*f + 7. What is the remainder when n is divided by a(-6)?
11
Let c(k) = -20*k - 10. Calculate the remainder when c(-3) is divided by 13.
11
Let q = 81 - 64. What is the remainder when 27 is divided by q?
10
Suppose z + 24 = 2*z - a, a + 128 = 5*z. What is the remainder when 51 is divided by z?
25
Let i = 9 - 6. Suppose 0 = -i*u + 31 + 29. Calculate the remainder when u is divided by 11.
9
Suppose u - 5*t + 3*t = 49, 0 = 4*u - 5*t - 208. Let n = -41 + u. What is the remainder when 31 is divided by n?
15
Let z = -8 + 10. Suppose -2*q = 10, z*b - 3*q - 42 = -b. Calculate the remainder when 24 is divided by b.
6
Let f(s) = 54*s**2 - 2*s - 1. Let x = 26 + -12. Calculate the remainder when f(-1) is divided by x.
13
Let w = -5 - -7. Suppose -w*g + 34 - 12 = o, -5*o - 20 = 0. Calculate the remainder when 24 is divided by g.
11
Let y(w) = w**2 - 5*w - 1. Let o be y(6). Suppose -77 = -o*p + 18. Calculate the remainder when p is divided by 10.
9
Suppose -q - 35 = -6*q. What is the remainder when q is divided by 3?
1
Calculate the remainder when 50 is divided by 23 - 1/2*-8.
23
Let p = 6 - 0. Let r = p - 2. 